482127?
4
What is the tens digit of 352850629?
2
What is the ten millions digit of 14727348?
1
What is the hundred thousands digit of 135001767?
0
What is the hundreds digit of 348254764?
7
What is the hundred thousands digit of 15463348?
4
What is the millions digit of 23797679?
3
What is the units digit of 170459111?
1
What is the thousands digit of 2025478962?
8
What is the units digit of 23669062?
2
What is the hundred thousands digit of 47279253?
2
What is the units digit of 27362370?
0
What is the hundreds digit of 18693690?
6
What is the ten thousands digit of 1641735466?
3
What is the thousands digit of 446036345?
6
What is the ten millions digit of 37780082?
3
What is the units digit of 1540865794?
4
What is the millions digit of 1295187443?
5
What is the thousands digit of 29649567?
9
What is the tens digit of 1075465141?
4
What is the millions digit of 6940876529?
0
What is the millions digit of 2279933394?
9
What is the thousands digit of 233059251?
9
What is the ten thousands digit of 419016946?
1
What is the thousands digit of 1296244836?
4
What is the thousands digit of 64711812?
1
What is the millions digit of 125228973?
5
What is the hundred thousands digit of 141478535?
4
What is the hundred millions digit of 423643383?
4
What is the units digit of 584597085?
5
What is the ten millions digit of 447019837?
4
What is the hundred thousands digit of 74006458?
0
What is the millions digit of 7055166004?
5
What is the tens digit of 652393242?
4
What is the tens digit of 12417711?
1
What is the tens digit of 385685504?
0
What is the units digit of 80544988?
8
What is the hundreds digit of 56414698?
6
What is the ten thousands digit of 4638647852?
4
What is the millions digit of 279506716?
9
What is the units digit of 18446675?
5
What is the hundred thousands digit of 445426498?
4
What is the thousands digit of 2660709478?
9
What is the ten thousands digit of 195757159?
5
What is the hundred thousands digit of 3779093180?
0
What is the millions digit of 3091350221?
1
What is the millions digit of 172532224?
2
What is the ten millions digit of 920609952?
2
What is the units digit of 566652228?
8
What is the units digit of 73045348?
8
What is the ten millions digit of 151455774?
5
What is the ten thousands digit of 62187044?
8
What is the tens digit of 257677260?
6
What is the hundreds digit of 83152547?
5
What is the hundred millions digit of 111174731?
1
What is the thousands digit of 27162343?
2
What is the hundred thousands digit of 144375729?
3
What is the ten millions digit of 2210217079?
1
What is the billions digit of 2019883557?
2
What is the millions digit of 562448841?
2
What is the hundred thousands digit of 77767939?
7
What is the units digit of 2478764468?
8
What is the ten millions digit of 65323630?
6
What is the hundreds digit of 68820368?
3
What is the thousands digit of 5626307315?
7
What is the billions digit of 1445542608?
1
What is the hundred millions digit of 469280158?
4
What is the ten thousands digit of 2801703048?
0
What is the hundred thousands digit of 194895409?
8
What is the hundreds digit of 22284931?
9
What is the millions digit of 18709873?
8
What is the hundreds digit of 770189702?
7
What is the thousands digit of 94270768?
0
What is the hundred thousands digit of 74581156?
5
What is the hundreds digit of 18197506?
5
What is the hundreds digit of 2549347794?
7
What is the thousands digit of 146816126?
6
What is the hundred thousands digit of 237850736?
8
What is the tens digit of 1917213691?
9
What is the hundreds digit of 310175979?
9
What is the hundreds digit of 44024135?
1
What is the ten millions digit of 47644330?
4
What is the units digit of 3714822851?
1
What is the thousands digit of 8089300?
9
What is the ten millions digit of 718510131?
1
What is the tens digit of 12559728?
2
What is the ten millions digit of 291567135?
9
What is the ten millions digit of 460037402?
6
What is the units digit of 380830942?
2
What is the billions digit of 4969478401?
4
What is the tens digit of 502985822?
2
What is the millions digit of 305016300?
5
What is the units digit of 85569423?
3
What is the thousands digit of 1043035900?
5
What is the hundred thousands digit of 1882929702?
9
What is the thousands digit of 2019344732?
4
What is the tens digit of 2712469246?
4
What is the tens digit of 236662711?
1
What is the ten thousands digit of 14059496?
5
What is the thousands digit of 137451193?
1
What is the thousands digit of 162578507?
8
What is the ten thousands digit of 49086450?
8
What is the hundreds digit of 3543731833?
8
What is the units digit of 1057916108?
8
What is the ten thousands digit of 59551363?
5
What is the hundred millions digit of 275993578?
2
What is the ten thousands digit of 331798726?
9
What is the billions digit of 2313271680?
2
What is the tens digit of 43762444?
4
What is the ten thousands digit of 114127315?
2
What is the billions digit of 1067764809?
1
What is the ten thousands digit of 76130700?
3
What is the hundreds digit of 6880574?
5
What is the hundreds digit of 365453535?
5
What is the units digit of 70893759?
9
What is the tens digit of 4945622515?
1
What is the ten thousands digit of 109437962?
3
What is the hundreds digit of 23320617?
6
What is the hundred thousands digit of 3891468733?
4
What is the millions digit of 57725869?
7
What is the thousands digit of 70651743?
1
What is the hundred millions digit of 105441232?
1
What is the hundred millions digit of 1091578061?
0
What is the hundred thousands digit of 128620593?
6
What is the units digit of 1179624737?
7
What is the ten millions digit of 316955420?
1
What is the tens digit of 23858351?
5
What is the billions digit of 1869475858?
1
What is the units digit of 2449245531?
1
What is the thousands digit of 8373789?
3
What is the ten thousands digit of 428727837?
2
What is the units digit of 909165186?
6
What is the ten millions digit of 209982177?
0
What is the tens digit of 189324314?
1
What is the hundred thousands digit of 218364631?
3
What is the thousands digit of 9467026599?
6
What is the millions digit of 941788402?
1
What is the thousands digit of 120575410?
5
What is the units digit of 47641001?
1
What is the tens digit of 207883269?
6
What is the ten millions digit of 16050846?
1
What is the thousands digit of 118212912?
2
What is the ten thousands digit of 273074292?
7
What is the ten thousands digit of 1318125155?
2
What is the billions digit of 3363678554?
3
What is the ten thousands digit of 108644491?
4
What is the hundred thousands digit of 36922756?
9
What is the ten thousands digit of 118369731?
6
What is the millions digit of 17681072?
7
What is the tens digit of 9244738382?
8
What is the tens digit of 28846504?
0
What is the thousands digit of 14928493?
8
What is the ten millions digit of 51090117?
5
What is the units digit of 1290299441?
1
What is the hundred thousands digit of 914003289?
0
What is the hundred thousands digit of 878074910?
0
What is the ten thousands digit of 2552203821?
0
What is the units digit of 52056849?
9
What is the ten millions digit of 953235594?
5
What is the hundred thousands digit of 27103712?
1
What is the millions digit of 26146940?
6
What is the tens digit of 352266135?
3
What is the hundred millions digit of 319570991?
3
What is the ten thousands digit of 1443847027?
4
What is the hundreds digit of 666195283?
2
What is the hundred thousands digit of 1236706421?
7
What is the units digit of 2707270758?
8
What is the tens digit of 251680105?
0
What is the tens digit of 1402810495?
9
What is the hundred millions digit of 2149532151?
1
What is the tens digit of 63985660?
6
What is the hundreds digit of 622025370?
3
What is the ten thousands digit of 7848653824?
5
What is the ten thousands digit of 591240188?
4
What is the tens digit of 6806615834?
3
What is the tens digit of 1326843493?
9
What is the tens digit of 59566625?
2
What is the units digit of 32492621?
1
What is the units digit of 380830209?
9
What is the thousands digit of 473434291?
4
What is the ten millions digit of 3082409543?
8
What is the thousands digit of 282228000?
8
What is the ten millions digit of 6294948590?
9
What is the thousands digit of 2837704932?
4
What is the hundred millions digi